t the prime factors of z(v).
3, 5
Suppose -16 = -5*q - 1. Suppose -3*r - q*g + 36 = 2*g, -3*g - 77 = -4*r. List the prime factors of r.
17
What are the prime factors of 0 - (-3 - (-512)/(-4))?
131
Let z(p) = -p**3 - 2*p**2 - 2*p - 2. Let b be z(-2). Suppose y - 1 = -b*t, -23 = -3*y + 3*t + t. What are the prime factors of y*2 - (1 + -3)?
2, 3
Let q(a) = -2*a - 9. List the prime factors of q(-7).
5
Let k = 4 - -1. Suppose 2*v + 6 = -3*j, -k*j = 25 - 5. What are the prime factors of v?
3
What are the prime factors of (60/(-16))/1*-8?
2, 3, 5
Suppose -5*o + 20 = 2*y, -o = y - 6 + 2. Suppose 0 = -f + 4*z + 6, 0 = -5*f - 4*z + 26 + 100. Suppose y = -4*l + 2*l + f. List the prime factors of l.
11
Let z(x) be the first derivative of x**3/3 + x**2/2 - 2*x + 1. Suppose 10 = -3*w - 2. List the prime factors of z(w).
2, 5
Suppose 9 = 4*b - b. Suppose -17 = -2*v - 5*y, -3*y + b + 4 = v. What are the prime factors of v?
2
Let u = -25 - -48. What are the prime factors of u?
23
Let k(i) = -2 + 0*i**2 - i**2 - i**2 - 4*i. Let a be k(-2). Let v(n) = n**3 + 4*n**2 - 1. List the prime factors of v(a).
7
Let z = -19 - -34. Let c = 20 + z. Suppose 0*p + c = 5*p. What are the prime factors of p?
7
Suppose -16*w = -19*w + 684. What are the prime factors of w?
2, 3, 19
Let s(w) = 8*w - 14. List the prime factors of s(16).
2, 3, 19
Let f(b) = b**2 + 3*b - 15. What are the prime factors of f(-6)?
3
Let i(o) be the first derivative of -2/3*o**3 - 2*o + 1/4*o**4 + 2*o**2 - 1. What are the prime factors of i(2)?
2, 3
Suppose -1 = -2*i + 3. Suppose 33 = i*s + 9. Suppose -4*c - 18 = -2*r, -3*c + c + s = 2*r. List the prime factors of r.
7
Suppose -8 = -2*b - 2*b. Suppose b*r + 3 = -r. What are the prime factors of r/(-1 + 8/10)?
5
Let l = 15 + -7. What are the prime factors of l?
2
Let c(j) = 9*j**2 + 5*j - 2. Let r be c(-4). List the prime factors of r/8 + 1/(-4).
3, 5
Let z be (-124)/(-6) - 4/6. Suppose 4*t = -3*u + u + 40, -5*u = z. List the prime factors of t.
2, 3
Suppose d + w - 17 = -4*w, 6 = -3*d + 4*w. Suppose q - 3 = -7, -3*a + d*q = -20. Suppose -3*v = a*s - 30, -5*v - s = s - 50. What are the prime factors of v?
2, 5
Let x(g) = -12*g + 54. What are the prime factors of x(0)?
2, 3
Suppose 2*k - 6 = 2*s, 5*k = -3*s + 13 + 18. Suppose k*i + 10 = 5*f + 35, -3*f = i - 5. What are the prime factors of i?
5
Let i = -3 - -5. Suppose -i*b + 20 = 3*b. List the prime factors of b.
2
Let m = -29 - -41. Suppose k = 4*k - m, -206 = -5*b + k. List the prime factors of b.
2, 3, 7
Let v(d) = -d**3 + 8*d**2 - 8*d - 2. What are the prime factors of v(6)?
2, 11
Suppose -2*o + 6*o = -2*q - 16, -2*o = 3*q + 8. Let n be (3 - -9)/((-6)/o). Suppose 3*x = 4*f + 2, 4*x - f = 2*x + n. What are the prime factors of x?
2, 3
Let q be 8/(-6)*(-3)/2. Let f(y) = -3 + 2*y + 3*y - y**2 + 2 - y. What are the prime factors of f(q)?
3
What are the prime factors of 1*((-5)/25 - 272/(-10))?
3
Suppose b = 2*b - 2. Suppose 0 = -4*f - b*s - 10, -4*f = 3*s - 8*s - 11. List the prime factors of 3/(-3) - (-5 - f).
3
Let l = -8 - -17. Suppose 3*y - 4*s - 72 = 0, 3*s + 33 = y + l. What are the prime factors of y?
2, 3
What are the prime factors of 12*2*21/14?
2, 3
Let p = 20 - 73. Let u = p - -81. What are the prime factors of u?
2, 7
Let m(c) = c + 10. Let a = -44 + 30. Let t = a + 7. What are the prime factors of m(t)?
3
Suppose -2*x - 265 = -3*j - 4*x, 4*x + 93 = j. What are the prime factors of j?
89
Suppose 0*b + 3*b = -3. Let w(g) = 4*g**2 - g. What are the prime factors of w(b)?
5
Let s = -3 + 4. Let w be (1*-3*-3)/s. Suppose 1 = 2*x - w. List the prime factors of x.
5
Suppose -3 = -2*b + 1. Suppose x = -b*x. Suppose -2*k + 17 = 5*y, x*k + k - 7 = -y. List the prime factors of k.
2, 3
Let o(b) = 5*b**2 - 5*b - 7. List the prime factors of o(-2).
23
Let r(b) be the third derivative of b**4/12 + 7*b**3/3 - 3*b**2. List the prime factors of r(10).
2, 17
Suppose 192 = -5*d - 2*t, 4*d - t + 133 = -31. What are the prime factors of (d/15)/((-1)/3)?
2
Let q = 1017 + -675. What are the prime factors of q?
2, 3, 19
Let k = -7 - 16. Let w = k - -35. What are the prime factors of w?
2, 3
Let z(b) = 2*b**3 - 4*b + 3. List the prime factors of z(2).
11
List the prime factors of 4/(-2)*1 + 3 - -15.
2
Let r = -17 - -3. What are the prime factors of 640/35 + 4/r?
2, 3
Let u(f) be the first derivative of -f**4/4 + 2*f**3 + 5*f + 3. Let o be u(6). Suppose 0 = 2*m - o*m + 30. What are the prime factors of m?
2, 5
Suppose -2*l + 2 = -6. Suppose -12 = 3*q + 3*i, -l*q - q + 4*i + 16 = 0. Suppose -12 = -4*f - q*f. List the prime factors of f.
3
Suppose -2*h - 3*h - 26 = -o, -3*o = 4*h - 2. Suppose -g + 29 = -o. What are the prime factors of g?
5, 7
Let u(i) = 19*i - 6. List the prime factors of u(5).
89
Let o(l) be the first derivative of l**4/4 - 11*l**3/3 + 13*l**2/2 + 9*l + 1. Let n be o(10). Suppose -5*t + 2*t + n = 0. List the prime factors of t.
13
Let g(m) = -12*m - 20. What are the prime factors of g(-12)?
2, 31
Let f = 6 - 0. Suppose f*z - z = 15. What are the prime factors of (-1 + 0)/(z/(-21))?
7
Suppose j - 3 + 2 = 0, 2*z - 480 = 4*j. List the prime factors of z.
2, 11
List the prime factors of ((-63)/(-36))/(2/48).
2, 3, 7
Suppose 3*i - 171 = 5*t, 5*i + 2*t = 89 + 196. What are the prime factors of i?
3, 19
Let b(c) = 3*c**2 - 4*c + 10. What are the prime factors of b(4)?
2, 3, 7
Suppose 32 = 5*r - 13. List the prime factors of (-12)/r*2*-3.
2
Let u = 7 + 0. Suppose u = -5*o - 63. Let d = -8 - o. What are the prime factors of d?
2, 3
Suppose 0*v - 130 = -5*v. Suppose n = -l + 7, -3*l - 2*n + v = 2*n. Suppose x - 7*o + 2*o = 23, -x - l*o + 9 = 0. List the prime factors of x.
13
Let m be 0*(-1 - (-9)/6). Suppose -11 = 2*w - 3*v, -v + 3 = -w - m*v. What are the prime factors of w?
2
Let m(k) = -12*k - 1. Let z = 7 + -8. What are the prime factors of m(z)?
11
Let w(p) = 3*p + 17. What are the prime factors of w(13)?
2, 7
Let x(v) = 5*v**2 - 2*v - 1. What are the prime factors of x(-2)?
23
Suppose 0 = k + 3*k - 8. Let o(f) = f**3 - f**2 - f. What are the prime factors of o(k)?
2
Suppose 4*r = -5 - 7. What are the prime factors of r - (7 + 2)*-1?
2, 3
Let c = -15 - -12. Let w(f) = f**2 + f + 3. List the prime factors of w(c).
3
Suppose -2*g - 3*u + 26 = 0, -3*g - 68 = -7*g + 2*u. Let k be ((-11)/(-2))/((-1)/g). List the prime factors of (-8)/(-20) - k/5.
2, 3
Let g = 20 + -46. What are the prime factors of 1/((-1)/g) + -2?
2, 3
Suppose 18*q - 13*q = 290. List the prime factors of q.
2, 29
Let i(u) = u + 5 - 3*u - 4. List the prime factors of i(-5).
11
Suppose y - 5 = 4*f + 33, -y + 39 = -5*f. Suppose -2*c + y = -c. What are the prime factors of c?
2, 17
Suppose 4*m - 5*v = -0*m + 35, -15 = 5*v. Suppose 0 = 2*r + 5*t + 28, 5*r + m + 35 = -5*t. What are the prime factors of 86/8 - 1/r?
11
What are the prime factors of 318/9 + 6/(-18)?
5, 7
Let f(q) = q + 1. Let v be f(2). Let z be v + 2*(-6)/(-4). List the prime factors of (6/5)/(z/20).
2
Let t(y) = 4*y + 26. What are the prime factors of t(5)?
2, 23
Let n be (-2 - -2 - -1) + 2. Suppose 0 = -a + 4, 7*a - 2*a = -n*r + 77. What are the prime factors of r?
19
Let l(b) = 4*b**2 - b + 2. Suppose 4*c + 3 - 15 = 0. List the prime factors of l(c).
5, 7
Suppose -3*k = o - 127 - 538, -2*k + 4*o + 434 = 0. What are the prime factors of k?
13, 17
Let r be 4/(-14) + 212/7. Suppose -3*t - p = -14, 0*p = 5*t + 3*p - r. What are the prime factors of t?
3
Let d = -5 + -2. Let b be 2/d - 69/(-21). Suppose 0*r - b*r = -9. What are the prime factors of r?
3
Let k(r) = 4*r + 4. Let p be k(8). Suppose 4*h - 2*i = p, -h + 3*i = h - 18. List the prime factors of 57*-3*(-1)/h.
19
Let x(c) be the second derivative of c**5/30 - c**4/6 - c**3/3 + 2*c. Let s(d) be the second derivative of x(d). List the prime factors of s(4).
2, 3
Let d(k) = -22*k - 2. Let a be 2/7 - (-81)/(-63). List the prime factors of d(a).
2, 5
Let r be ((-8)/(-1))/((-4)/(-6)). What are the prime factors of 1/(0 - (-3)/r)?
2
What are the prime factors of 1 - ((-4 - -4) + -70)?
71
Let a(v) = -v**2 + 6*v**3 + v + 0*v**3 + 0 - 1. What are the prime factors of a(1)?
5
Let p be (-3*(-3 - 0))/1. List the prime factors of (-10)/(-6) + 3/p.
2
Suppose -5*h = 3*q - 203, 32 - 199 = -2*q + 3*h. What are the prime factors of q?
2, 19
L